 13) to base 12
1b89
What is -7388 (base 11) in base 4?
-2120300
Convert 102012203 (base 4) to base 7.
426113
Convert -5055 (base 6) to base 7.
-3152
Convert 1101111 (base 2) to base 5.
421
-1270 (base 16) to base 5
-122340
Convert -92 (base 10) to base 14.
-68
Convert 13450 (base 14) to base 5.
3010002
125 (base 14) to base 3
22111
Convert -10143 (base 5) to base 3.
-220221
5a4 (base 11) to base 15
32e
What is -222010 (base 3) in base 12?
-4a9
2b29 (base 12) to base 15
1783
-375 (base 11) to base 12
-311
-336 (base 10) to base 4
-11100
-98a (base 11) to base 5
-14222
-1132 (base 8) to base 5
-4402
Convert -791 (base 11) to base 6.
-4215
4489 (base 14) to base 16
2e69
Convert -29704 (base 10) to base 3.
-1111202011
Convert 100101001100111 (base 2) to base 9.
28113
764c (base 15) to base 11
17900
What is 10166 (base 7) in base 3?
10102112
115523 (base 8) to base 11
27969
Convert -1011121 (base 4) to base 6.
-32321
Convert 197e (base 15) to base 5.
134034
Convert 110200 (base 3) to base 9.
420
Convert 10d (base 16) to base 4.
10031
Convert -1171 (base 13) to base 6.
-15214
Convert -c31 (base 13) to base 10.
-2068
1102222 (base 3) to base 5
13202
What is 585 (base 15) in base 13?
752
8d1 (base 16) to base 15
a07
-d4 (base 15) to base 12
-147
128 (base 14) to base 7
451
What is -23243 (base 6) in base 15?
-ec9
-21343 (base 5) to base 3
-2000120
-1c78 (base 13) to base 4
-1003210
151 (base 7) to base 6
221
Convert 202101221 (base 3) to base 13.
6a03
132003 (base 4) to base 12
1143
-225732 (base 8) to base 15
-17b27
What is -1412 (base 8) in base 3?
-1001211
1211 (base 7) to base 14
241
Convert 9250 (base 11) to base 3.
121211200
2201234 (base 5) to base 11
26358
d815 (base 16) to base 15
115cc
Convert 1800 (base 10) to base 6.
12200
4b32 (base 12) to base 8
20526
Convert -7f2 (base 16) to base 15.
-909
Convert -42a7 (base 11) to base 9.
-7714
What is 2227 (base 8) in base 12?
81b
What is -45151 (base 6) in base 3?
-22200111
What is -17a2 (base 14) in base 16?
-10a2
Convert 12064 (base 10) to base 13.
5650
2319 (base 13) to base 15
16d3
ddcd (base 15) to base 12
23241
What is 1110010011001 (base 2) in base 9?
11034
2213131 (base 4) to base 8
24735
What is -214555 (base 6) in base 13?
-8210
-2001112 (base 3) to base 16
-5db
Convert 1152 (base 16) to base 15.
14a9
Convert -3400 (base 6) to base 12.
-560
Convert -10603 (base 11) to base 16.
-3c0a
What is -223133 (base 4) in base 16?
-adf
What is -245121 (base 6) in base 10?
-21865
-966a (base 13) to base 16
-518b
-2353 (base 9) to base 2
-11011010101
What is -220014 (base 5) in base 14?
-2a45
What is 129e (base 16) in base 6?
34022
1100111100111111 (base 2) to base 7
310452
What is 3365 (base 12) in base 7?
22412
Convert 10110001000 (base 2) to base 6.
10320
What is -529 (base 16) in base 15?
-5d1
What is bd9 (base 15) in base 4?
221313
What is 868 (base 11) in base 15?
497
What is 570b (base 16) in base 10?
22283
Convert 130113 (base 4) to base 16.
717
Convert -220 (base 14) to base 15.
-1d0
561 (base 15) to base 14
62c
-4223 (base 5) to base 16
-233
Convert -3238 (base 9) to base 2.
-100101010000
62a (base 14) to base 5
14324
What is 2501 (base 11) in base 4?
303010
147 (base 10) to base 9
173
What is 2558 (base 10) in base 12?
1592
Convert -622 (base 10) to base 9.
-761
57 (base 11) to base 8
76
What is -34c4 (base 15) in base 4?
-2233021
Convert -4e9 (base 15) to base 14.
-59d
Convert -2259 (base 12) to base 14.
-1565
261 (base 14) to base 6
2113
What is 4408 (base 9) in base 3?
11110022
1856 (base 14) to base 2
1000100100100
What is 1015 (base 9) in base 6?
3235
Convert -563a (base 13) to base 4.
-2330100
What is -16649 (base 11) in base 13?
-a866
What is -1204510 (base 6) in base 4?
-33130122
Convert 7428 (base 9) to base 16.
154d
What is 323 (base 16) in base 8?
1443
-2301 (base 11) to base 12
-1902
Convert -14767 (base 9) to base 8.
-23571
1011000110 (base 3) to base 16
5853
Convert -1406 (base 12) to base 15.
-a40
Convert 4282 (base 9) to base 15.
e02
Convert -289b (base 14) to base 5.
-212233
What is 10630 (base 9) in base 3?
100201000
-414 (base 13) to base 8
-1265
Convert -12506 (base 7) to base 8.
-6412
What is -6668 (base 11) in base 10?
-8786
Convert -a64 (base 11) to base 7.
-3506
-2166 (base 13) to base 10
-4647
What is 1656 (base 12) in base 10?
2658
Convert 17525 (base 8) to base 3.
102000002
1b8 (base 15) to base 8
616
-101010110110 (base 2) to base 8
-5266
What is -358 (base 14) in base 13?
-3c3
What is 103110 (base 4) in base 3?
1200210
-6c9 (base 16) to base 5
-23422
What is -2748 (base 12) in base 3?
-20012102
What is -112 (base 15) in base 9?
-288
-414424 (base 5) to base 11
-a360
What is 9331 (base 10) in base 16?
2473
2113 (base 6) to base 15
21c
-12452 (base 7) to base 13
-1685
Convert -61a (base 14) to base 15.
-550
3475 (base 8) to base 15
838
-2218 (base 16) to base 2
-10001000011000
22543 (base 8) to base 14
36b9
Convert 414 (base 5) to base 7.
214
What is -1505 (base 6) in base 3?
-112212
Convert 1013 (base 4) to base 5.
241
What is -2140 (base 5) in base 9?
-357
-32203 (base 4) to base 9
-1244
10212001 (base 3) to base 4
223321
-204 (base 14) to base 15
-1b6
What is -13503 (base 8) in base 3?
-22011120
Convert -7037 (base 8) to base 7.
-13353
-1448 (base 12) to base 2
-100100111000
Convert -1485 (base 13) to base 2.
-101110100110
What is -201120111 (base 3) in base 2?
-11011110111101
-3743 (base 9) to base 6
-20533
What is -16ba4 (base 12) in base 4?
-20000230
-1013303 (base 4) to base 16
-11f3
303 (base 16) to base 3
1001120
Convert -186 (base 11) to base 3.
-21222
What is -8230 (base 10) in base 4?
-2000212
Convert -741 (base 13) to base 9.
-1623
Convert -2601 (base 8) to base 13.
-845
Convert -2443 (base 9) to base 7.
-5211
1643 (base 7) to base 10
668
-437 (base 11) to base 4
-20030
Convert -11719 (base 10) to base 11.
-8894
What is -192 (base 13) in base 15?
-143
What is -8782 (base 10) in base 4?
-2021032
3a9 (base 12) to base 11
470
Convert -1c46 (base 15) to base 8.
-13775
-20404 (base 6) to base 13
-132a
-6369 (base 12) to base 13
-4c50
Convert -212211 (base 3) to base 9.
-784
What is 2a8 (base 11) in base 16?
168
Convert -7607 (base 9) to base 8.
-12734
-1363 (base 11) to base 3
-2102022
Convert -102000 (base 4) to base 2.
-10010000000
Convert -f3d (base 16) to base 12.
-2311
Convert -2a27 (base 12) to base 16.
-133f
-1ae (base 16) to base 6
-1554
Convert 10011110010110 (base 2) to base 13.
47c7
What is -3c5 (base 14) in base 16?
-2f9
-ab (base 13) to base 6
-353
Convert 91b4 (base 13) to base 3.
1000120001
Convert -110010 (base 4) to base 6.
-5540
-223054 (base 6) to base 11
-13165
Convert -a454 (base 12) to base 9.
-26521
Convert 1020101 (base 3) to base 9.
1211
What is -1351 (base 9) in base 12?
-70a
Convert 1421 (base 11) to base 15.
828
What is -4402 (base 14) in base 5?
-334022
-9629 (base 13) to base 2
-101000101010110
What is 1072 (base 11) in base 9?
1836
What is -200112 (base 3) in base 11?
-415
What is 11011 (base 5) in base 13?
462
What is 3db5 (base 15) in base 3?
200010122
Convert -1502 (base 13) to base 14.
-1176
-1181 (base 14) to base 6
-22045
What is 3461 (base 8) in base 15?
82b
What is -733 (base 12) in base 9?
-1383
What is 150052 (base 6) in base 8?
33720
-3613 (base 9) to base 14
-d9b
Convert -21314 (base 7) to base 2.
-1010010110111
What is 174 (base 9) in base 5?
1043
Convert 6b1 (base 14) to base 2.
10100110011
Convert -85 (base 16) to base 2.
-10000101
Convert 679 (base 11) to base 8.
1454
Convert -d03 (base 15) to base 13.
-1443
6241 (base 7) to base 4
202021
-17c3 (base 14) to base 11
-3248
8a4 (base 16) to base 15
9c7
Convert -20500 (base 6) to base 7.
-11040
What is 11002220202 (base 3) in base 16?
13bda
Convert 1101001000011010 (base 2) to base 13.
1b635
What is -22211111 (base 3) in base 4?
-1210213
-4275 (base 9) to base 3
-11022112
Convert 304532 (base 6) to base 15.
7362
Convert -406 (base 8) to base 13.
-172
Convert -10110111011001 (base 2) to base 10.
-11737
What is -3103123 (base 4) in base 5?
-413111
-124110 (base 6) to base 7
-44604
What is 403114 (base 5) in base 7?
52431
What is -151 (base 11) in base 14?
-c9
314 (base 12) to base 10
448
What is 12210 (base 4) in base 5?
3140
What is 5010 (base 6) in base 10?
10